165 a multiple of 4?
False
Does 6 divide 16591?
False
Does 82 divide 14514?
True
Is 186 a factor of 31248?
True
Does 56 divide 3248?
True
Does 16 divide 567?
False
Does 40 divide 425?
False
Is 100160 a multiple of 160?
True
Is 5 a factor of 112?
False
Is 35 a factor of 3675?
True
Is 3 a factor of 1320?
True
Is 94 a multiple of 3?
False
Is 9 a factor of 288?
True
Is 11 a factor of 1155?
True
Is 1984 a multiple of 10?
False
Does 3 divide 41?
False
Does 68 divide 8160?
True
Is 190 a multiple of 6?
False
Does 15 divide 1536?
False
Is 2052 a multiple of 114?
True
Does 39 divide 6024?
False
Is 1760 a multiple of 44?
True
Does 60 divide 120?
True
Is 22 a factor of 1535?
False
Is 330 a multiple of 33?
True
Is 15768 a multiple of 72?
True
Is 300 a factor of 66256?
False
Is 13 a factor of 3925?
False
Does 125 divide 12128?
False
Does 26 divide 96878?
False
Is 12 a factor of 504?
True
Does 44 divide 352?
True
Does 16 divide 592?
True
Is 6 a factor of 8573?
False
Is 2830 a multiple of 31?
False
Is 23 a factor of 18308?
True
Does 20 divide 3300?
True
Is 20 a factor of 5520?
True
Is 17 a factor of 1258?
True
Is 448 a multiple of 9?
False
Is 1030 a multiple of 16?
False
Does 31 divide 81778?
True
Is 37 a factor of 4385?
False
Is 139800 a multiple of 15?
True
Is 1490 a multiple of 10?
True
Is 80453 a multiple of 49?
False
Is 5731 a multiple of 131?
False
Is 4072 a multiple of 8?
True
Is 5088 a multiple of 32?
True
Is 4877 a multiple of 23?
False
Does 8 divide 400?
True
Does 44 divide 7507?
False
Is 12 a factor of 17312?
False
Is 4620 a multiple of 10?
True
Is 43524 a multiple of 11?
False
Is 2 a factor of 2671?
False
Is 6 a factor of 771?
False
Is 10521 a multiple of 53?
False
Does 24 divide 1279?
False
Is 21970 a multiple of 23?
False
Does 22 divide 1819?
False
Is 2024 a multiple of 22?
True
Does 17 divide 62730?
True
Is 8 a factor of 575?
False
Is 868 a multiple of 28?
True
Is 896 a multiple of 56?
True
Does 47 divide 618?
False
Is 23 a factor of 314?
False
Does 9 divide 468?
True
Does 29 divide 183?
False
Is 39 a factor of 437?
False
Is 3220 a multiple of 35?
True
Is 29 a factor of 132106?
False
Does 18 divide 19323?
False
Is 13452 a multiple of 6?
True
Is 2241 a multiple of 44?
False
Does 12 divide 15526?
False
Is 6 a factor of 276?
True
Does 79 divide 8841?
False
Is 36102 a multiple of 22?
True
Is 31312 a multiple of 16?
True
Does 49 divide 7203?
True
Is 424 a multiple of 64?
False
Does 123 divide 1230?
True
Is 893 a multiple of 13?
False
Is 85 a factor of 5222?
False
Is 77 a factor of 1309?
True
Is 35 a factor of 2310?
True
Is 81185 a multiple of 35?
False
Is 5376 a multiple of 21?
True
Is 893 a multiple of 56?
False
Does 13 divide 37505?
True
Does 11 divide 111?
False
Is 142 a multiple of 12?
False
Does 194 divide 70170?
False
Is 170 a multiple of 10?
True
Is 38 a factor of 1533?
False
Is 77 a factor of 24178?
True
Is 323 a multiple of 3?
False
Does 31 divide 10961?
False
Is 18 a factor of 2016?
True
Is 3574 a multiple of 22?
False
Is 3591 a multiple of 29?
False
Is 10 a factor of 7272?
False
Is 105 a multiple of 21?
True
Is 11 a factor of 22?
True
Is 7938 a multiple of 10?
False
Is 2478 a multiple of 7?
True
Is 160 a factor of 113467?
False
Does 19 divide 2071?
True
Is 32 even?
True
Is 9840 a multiple of 8?
True
Is 765 a multiple of 17?
True
Is 912 a multiple of 48?
True
Does 204 divide 19570?
False
Is 41 a factor of 287?
True
Is 2823 a multiple of 27?
False
Does 2 divide 110?
True
Is 496 a multiple of 8?
True
Is 4270 a multiple of 70?
True
Is 3441 a multiple of 111?
True
Is 3823 a multiple of 14?
False
Is 184301 a multiple of 15?
False
Is 1150 a multiple of 9?
False
Does 133 divide 22216?
False
Is 2939 a multiple of 6?
False
Is 456 a multiple of 57?
True
Does 7 divide 511?
True
Is 555 a multiple of 111?
True
Does 21 divide 1323?
True
Does 41 divide 372?
False
Is 51950 a multiple of 11?
False
Is 29 a factor of 928?
True
Is 20 a multiple of 10?
True
Is 109 a factor of 356?
False
Is 38122 a multiple of 14?
True
Does 24 divide 753?
False
Does 3 divide 12?
True
Is 43 a factor of 1444?
False
Does 29 divide 8555?
True
Does 25 divide 4616?
False
Does 2 divide 1494?
True
Is 326 even?
True
Does 4 divide 644?
True
Is 243 a multiple of 38?
False
Does 87 divide 6525?
True
Does 40 divide 3000?
True
Is 186 a factor of 25118?
False
Is 47 a factor of 55883?
True
Does 34 divide 19312?
True
Is 9080 a multiple of 4?
True
Does 65 divide 161655?
True
Is 49 a factor of 13426?
True
Is 619 a multiple of 72?
False
Does 108 divide 460?
False
Does 57 divide 855?
True
Does 37 divide 1702?
True
Is 86 a factor of 3440?
True
Is 989 a multiple of 12?
False
Is 399 a multiple of 21?
True
Is 65 a factor of 6115?
False
Does 122 divide 29036?
True
Is 934 a multiple of 29?
False
Is 9 a factor of 75933?
True
Does 37 divide 1924?
True
Does 3 divide 6?
True
Is 33503 a multiple of 12?
False
Is 41 a factor of 20296?
False
Is 4070 a multiple of 80?
False
Is 13 a factor of 152954?
False
Does 17 divide 2907?
True
Does 65 divide 2600?
True
Does 39 divide 7912?
False
Is 27 a factor of 99958?
False
Is 1421 a multiple of 37?
False
Is 39 a factor of 5325?
False
Is 78 a factor of 36864?
False
Does 14 divide 912?
False
Is 18574 a multiple of 15?
False
Is 4482 a multiple of 54?
True
Does 32 divide 6471?
False
Is 101 a multiple of 4?
False
Is 34144 a multiple of 246?
False
Is 7 a factor of 2446?
False
Does 11 divide 1672?
True
Is 8 a factor of 8?
True
Is 352 a multiple of 8?
True
Does 5 divide 841?
False
Is 51201 a multiple of 96?
False
Is 136 a factor of 14840?
False
Does 44 divide 7128?
True
Is 807 a multiple of 5?
False
Is 1560 a multiple of 36?
False
Is 17661 a multiple of 8?
False
Is 3 a factor of 12531?
True
Is 1859 a multiple of 11?
True
Is 517 a multiple of 11?
True
Is 1857 a multiple of 2?
False
Is 16647 a multiple of 100?
False
Is 68 a multiple of 35?
False
Is 67 a factor of 4355?
True
Does 46 divide 42746?
False
Is 1396 a multiple of 67?
False
Is 3322 a multiple of 71?
False
Is 37 a factor of 111?
True
Is 10 a factor of 99420?
True
Is 10 a factor of 43547?
False
Does 146 divide 31244?
True
Does 19 divide 323?
True
Is 7801 a multiple of 10?
False
Is 2653 a multiple of 10?
False
Is 792 a multiple of 12?
True
Is 37 a factor of 82732?
True
Is 52 a factor of 728?
True
Does 128 divide 512?
True
Is 15 a factor of 1140?
True
Is 8472 a multiple of 3?
True
Is 40 a factor of 363?
False
Is 290 a factor of 23780?
True
Is 127 a factor of 72733?
False
Does 62 divide 19392?
False
Is 11 a factor of 2882?
True
Does 82 divide 4198?
False
Is 5112 a multiple of 109?
False
Does 15 divide 1063?
False
Does 5 divide 7488?
False
Is 33874 a multiple of 20?
False
Is 3 a factor of 30?
True
Is 32693 a multiple of 175?
False
Is 6003 a multiple of 23?
True
Is 577 a multiple of 79?
False
Is 1950 a multiple of 6?
True
Is 962 a multiple of 74?
True
Is 37 a factor of 1206?
False
Is 1550 a multiple of 50?
True
Does 154 divide 7185?
False
Is 398 a factor of 15221?
False
Is 66 a multiple of 3?
True
Is 11808 a multiple of 41?
True
Is 272 a multiple of 68?
True
Is 3080 a multiple of 55?
True
Does 100 divide 4000?
True
Is 27 a factor of 249?
False
Does 8 divide 4437?
False
Is 11 a factor of 406?
False
Is 2196 a multiple of 122?
True
Does 14 divide 25424?
True
Is 7280 a multiple of 65?
True
Is 2336 a multiple of 32?
True
Is 144 a factor of 41577?
False
Does 9 divide 1350?
True
Does 13 divide 1170?
True
Is 162 a factor of 69012?
True
Is 270 a multiple of 21?
False
Is 348 a multiple of 87?
True
Does 55 divide 2623?
False
Is 3 a factor of 603?
True
Is 43 a factor of 127684?
False
Is 24 a multiple of 8?
True
Is 192 a factor of 10238?
False
Does 7 divide 296?
False
Is 62 a factor of 11842?
True
Does 260 divide 26653?
False
Does 25 divide 1150?
True
Is 370 a multiple of 99?
False
Does 23 divide 12144?
True
Is 79 even?
False
Is 22638 a multiple of 231?
True
Is 13 a factor of 2210?
True
Is 30340 a multiple of 82?
True
Is 1602 a multiple of 10?
False
Is 43 a factor of 205?
False
Is 12 a factor of 1476?
True
Is 9 a factor of 4173?
False
Is 162 a factor of 80676?
True
Is 32 a factor of 13846?
False
Is 12 a factor of 1396?
False
Is 36 a factor of 5220?
True
Does 6 divide 2224?
False
Is 23 a factor of 948?
False
Does 27 divide 2484?
True
Is 672